{"id":90,"date":"2020-10-06T12:39:36","date_gmt":"2020-10-06T12:39:36","guid":{"rendered":"https:\/\/biologische-kunststoffe.de\/?page_id=90"},"modified":"2020-10-06T12:39:36","modified_gmt":"2020-10-06T12:39:36","slug":"impressum","status":"publish","type":"page","link":"https:\/\/biologische-kunststoffe.de\/?page_id=90","title":{"rendered":"Impressum"},"content":{"rendered":"\n[et_pb_section fb_built=&#8220;1&#8243; admin_label=&#8220;About Us&#8220; _builder_version=&#8220;3.22&#8243;][et_pb_row _builder_version=&#8220;3.25&#8243;][et_pb_column type=&#8220;4_4&#8243; _builder_version=&#8220;3.25&#8243; custom_padding=&#8220;|||&#8220; custom_padding__hover=&#8220;|||&#8220;][et_pb_text _builder_version=&#8220;3.27.4&#8243; text_font=&#8220;||||||||&#8220; header_font=&#8220;||||||||&#8220; header_2_font=&#8220;Rubik|700|||||||&#8220; header_2_font_size=&#8220;42px&#8220; header_2_line_height=&#8220;1.2em&#8220; text_orientation=&#8220;center&#8220; module_alignment=&#8220;center&#8220; custom_margin=&#8220;|||&#8220; custom_padding=&#8220;|||&#8220; header_2_font_size_tablet=&#8220;&#8220; header_2_font_size_phone=&#8220;36px&#8220; header_2_font_size_last_edited=&#8220;on|phone&#8220; locked=&#8220;off&#8220;]<h2>Impressum<\/h2>[\/et_pb_text][et_pb_divider color=&#8220;#ffcc00&#8243; divider_position=&#8220;center&#8220; divider_weight=&#8220;5px&#8220; _builder_version=&#8220;4.4.4&#8243; max_width=&#8220;50px&#8220; module_alignment=&#8220;center&#8220; hover_enabled=&#8220;0&#8243; locked=&#8220;off&#8220;][\/et_pb_divider][\/et_pb_column][\/et_pb_row][et_pb_row _builder_version=&#8220;4.4.4&#8243;][et_pb_column type=&#8220;4_4&#8243; _builder_version=&#8220;3.25&#8243; custom_padding=&#8220;|||&#8220; custom_padding__hover=&#8220;|||&#8220;][et_pb_text _builder_version=&#8220;3.27.4&#8243; text_font=&#8220;||||||||&#8220; text_font_size=&#8220;15px&#8220; text_line_height=&#8220;1.8em&#8220; custom_padding=&#8220;|||&#8220; custom_padding_tablet=&#8220;|40px||40px||true&#8220; custom_padding_last_edited=&#8220;off|desktop&#8220;]<p>Dieses Impressum gilt neben des Webauftrittes der VVK Kunststofftechnik GmbH &amp; Co. KG\u00a0auch f\u00fcr s\u00e4mtliche weitere Internetauftritte, insbesondere f\u00fcr Social Media Auftritte wie Facebook, Google+, Xing und Twitter.<\/p>\n<p><strong>VVK Kunststofftechnik GmbH &amp; Co. KG<\/strong><br \/>Natostra\u00dfe 5<br \/>78583 B\u00f6ttingen<br \/>Tel.: 07429 81199 21<br \/>Fax: 07429 81199 78<br \/>E-Mail: kontakt (at)\u00a0vvk-kunststoff.de<\/p>\n<p><strong>Inhaltlich verantwortlich (gem\u00e4\u00df \u00a7 55 Abs.2 RStV):<\/strong><br \/>Volker Villing\u00a0(Anschrift wie oben)<\/p>\n<p><strong>vertreten durch den Gesch\u00e4ftsf\u00fchrer:<\/strong><br \/>Volker Villing<\/p>\n<p><strong>Sitz der Gesellschaft:<\/strong><br \/>B\u00f6ttingen<\/p>\n<p><strong>Umsatzsteuer-Identifikationsnummer:<\/strong><br \/>DE311 39 58 99<br \/>(gem\u00e4\u00df \u00a7 27 a Umsatzsteuergesetz)<\/p>\n<h2><\/h2>\n<h2>Haftungsausschluss \/ Disclaimer<\/h2>\n<p><strong>Inhalt des Onlineangebotes<\/strong><br \/>Die VVK GmbH &amp; Co. KG (VVK)\u00a0\u00fcbernimmt keinerlei Gew\u00e4hr f\u00fcr die Aktualit\u00e4t, Korrektheit, Vollst\u00e4ndigkeit oder Qualit\u00e4t der bereitgestellten Informationen. Haftungsanspr\u00fcche gegen die VVK, welche sich auf Sch\u00e4den materieller oder ideeller Art beziehen, die durch die Nutzung oder Nichtnutzung der dargebotenen Informationen bzw. durch die Nutzung fehlerhafter und unvollst\u00e4ndiger Informationen verursacht wurden, sind grunds\u00e4tzlich ausgeschlossen, sofern seitens der VVK\u00a0kein nachweislich vors\u00e4tzliches oder grob fahrl\u00e4ssiges Verschulden vorliegt. Alle Angebote sind freibleibend und unverbindlich. Die VVK\u00a0beh\u00e4lt es sich ausdr\u00fccklich vor, Teile der Seiten oder das gesamte Angebot ohne gesonderte Ank\u00fcndigung zu ver\u00e4ndern, zu erg\u00e4nzen, zu l\u00f6schen oder die Ver\u00f6ffentlichung zeitweise oder endg\u00fcltig einzustellen.<\/p>\n<p><strong>Verweise und Links<\/strong><br \/>Bei direkten oder indirekten Verweisen auf fremde Webseiten (\u201eHyperlinks\u201c), die au\u00dferhalb des Verantwortungsbereiches von der VVK\u00a0liegen, w\u00fcrde eine Haftungsverpflichtung ausschlie\u00dflich in dem Fall in Kraft treten, in dem die VVK\u00a0von den Inhalten Kenntnis hat und es ihr technisch m\u00f6glich und zumutbar w\u00e4re, die Nutzung im Falle rechtswidriger Inhalte zu verhindern. Die VVK\u00a0erkl\u00e4rt hiermit ausdr\u00fccklich, dass zum Zeitpunkt der Linksetzung keine illegalen Inhalte auf den zu verlinkenden Seiten erkennbar waren. Auf die aktuelle und zuk\u00fcnftige Gestaltung, die Inhalte oder die Urheberschaft der verlinkten\/verkn\u00fcpften Seiten hat die VVK\u00a0keinerlei Einfluss. Deshalb distanziert sich die VVK\u00a0hiermit ausdr\u00fccklich von allen Inhalten aller verlinkten \/verkn\u00fcpften Seiten, die nach der Linksetzung ver\u00e4ndert wurden. Diese Feststellung gilt f\u00fcr alle innerhalb des eigenen Internetangebotes gesetzten Links und Verweise sowie f\u00fcr Fremdeintr\u00e4ge in von der VVK\u00a0eingerichteten G\u00e4steb\u00fcchern, Diskussionsforen, Linkverzeichnissen, Mailinglisten und in allen anderen Formen von Datenbanken, auf deren Inhalt externe Schreibzugriffe m\u00f6glich sind. F\u00fcr illegale, fehlerhafte oder unvollst\u00e4ndige Inhalte und insbesondere f\u00fcr Sch\u00e4den, die aus der Nutzung oder Nichtnutzung solcherart dargebotener Informationen entstehen, haftet allein der Anbieter der Seite, auf welche verwiesen wurde, nicht derjenige, der \u00fcber Links auf die jeweilige Ver\u00f6ffentlichung lediglich verweist.<\/p>\n<p><strong>Urheber- und Kennzeichenrecht<\/strong><br \/>Die VVK\u00a0ist bestrebt, in allen Publikationen die Urheberrechte der verwendeten Bilder, Grafiken, Tondokumente, Videosequenzen und Texte zu beachten, von der VVK\u00a0selbst erstellte Bilder, Grafiken, Tondokumente, Videosequenzen und Texte zu nutzen oder auf lizenzfreie Grafiken, Tondokumente, Videosequenzen und Texte zur\u00fcckzugreifen. Alle innerhalb des Internetangebotes genannten und ggf. durch Dritte gesch\u00fctzten Marken- und Warenzeichen unterliegen uneingeschr\u00e4nkt den Bestimmungen des jeweils g\u00fcltigen Kennzeichenrechts und den Besitzrechten der jeweiligen eingetragenen Eigent\u00fcmer. Allein aufgrund der blo\u00dfen Nennung ist nicht der Schluss zu ziehen, dass Markenzeichen nicht durch Rechte Dritter gesch\u00fctzt sind! Das Copyright f\u00fcr ver\u00f6ffentlichte, von der VVK\u00a0selbst erstellte Objekte bleibt allein beim Autor der Seiten. Eine Vervielf\u00e4ltigung oder Verwendung solcher Grafiken, Tondokumente, Videosequenzen und Texte in anderen elektronischen oder gedruckten Publikationen ist ohne ausdr\u00fcckliche Zustimmung der VVK\u00a0nicht gestattet.<\/p>\n<p><strong>Rechtswirksamkeit dieses Haftungsausschlusses<\/strong><br \/>Dieser Haftungsausschluss ist als Teil des Internetangebotes zu betrachten, von dem aus auf diese Seite verwiesen wurde. Sofern Teile oder einzelne Formulierungen dieses Textes der geltenden Rechtslage nicht, nicht mehr oder nicht vollst\u00e4ndig entsprechen sollten, bleiben die \u00fcbrigen Teile des Dokumentes in ihrem Inhalt und ihrer G\u00fcltigkeit davon unber\u00fchrt.<\/p>\n<p><strong>Quellengabe f\u00fcr Bilder und Grafiken<\/strong><br \/>Die VVK\u00a0verwendet Bilder und Grafiken, die selbst in Auftrag gegeben wurden als Lizenzinhaber. Bei weitere Bildern und Grafiken wurden Lizenzen von Shutterstock erworben. Dabei handelt es sich um folgende Bilder:<\/p>\n<p>Stockfoto-ID: 559481938 (c)\u00a0Rogue Ace Designs<\/p>[\/et_pb_text][\/et_pb_column][\/et_pb_row][\/et_pb_section]\n","protected":false},"excerpt":{"rendered":"<p>ImpressumDieses Impressum gilt neben des Webauftrittes der VVK Kunststofftechnik GmbH &amp; Co. KG\u00a0auch f\u00fcr s\u00e4mtliche weitere Internetauftritte, insbesondere f\u00fcr Social Media Auftritte wie Facebook, Google+, Xing und Twitter. VVK Kunststofftechnik GmbH &amp; Co. KGNatostra\u00dfe 578583 B\u00f6ttingenTel.: 07429 81199 21Fax: 07429 81199 78E-Mail: kontakt (at)\u00a0vvk-kunststoff.de Inhaltlich verantwortlich (gem\u00e4\u00df \u00a7 55 Abs.2 RStV):Volker Villing\u00a0(Anschrift wie oben) vertreten [&hellip;]<\/p>\n","protected":false},"author":1,"featured_media":0,"parent":0,"menu_order":0,"comment_status":"closed","ping_status":"closed","template":"","meta":{"_et_pb_use_builder":"on","_et_pb_old_content":"","_et_gb_content_width":"","footnotes":""},"class_list":["post-90","page","type-page","status-publish","hentry"],"jetpack_sharing_enabled":true,"_links":{"self":[{"href":"https:\/\/biologische-kunststoffe.de\/index.php?rest_route=\/wp\/v2\/pages\/90","targetHints":{"allow":["GET"]}}],"collection":[{"href":"https:\/\/biologische-kunststoffe.de\/index.php?rest_route=\/wp\/v2\/pages"}],"about":[{"href":"https:\/\/biologische-kunststoffe.de\/index.php?rest_route=\/wp\/v2\/types\/page"}],"author":[{"embeddable":true,"href":"https:\/\/biologische-kunststoffe.de\/index.php?rest_route=\/wp\/v2\/users\/1"}],"replies":[{"embeddable":true,"href":"https:\/\/biologische-kunststoffe.de\/index.php?rest_route=%2Fwp%2Fv2%2Fcomments&post=90"}],"version-history":[{"count":4,"href":"https:\/\/biologische-kunststoffe.de\/index.php?rest_route=\/wp\/v2\/pages\/90\/revisions"}],"predecessor-version":[{"id":110,"href":"https:\/\/biologische-kunststoffe.de\/index.php?rest_route=\/wp\/v2\/pages\/90\/revisions\/110"}],"wp:attachment":[{"href":"https:\/\/biologische-kunststoffe.de\/index.php?rest_route=%2Fwp%2Fv2%2Fmedia&parent=90"}],"curies":[{"name":"wp","href":"https:\/\/api.w.org\/{rel}","templated":true}]}}